lse
Is 319 even?
False
Does 25 divide 12056?
False
Is 24 a factor of 576?
True
Is 275 a factor of 31350?
True
Does 34 divide 5780?
True
Does 11 divide 451?
True
Is 16870 a multiple of 14?
True
Does 51 divide 546?
False
Is 34635 a multiple of 9?
False
Does 84 divide 6821?
False
Does 111 divide 11708?
False
Is 52 a factor of 260?
True
Is 43512 a multiple of 12?
True
Does 3 divide 7988?
False
Does 10 divide 13320?
True
Does 135 divide 14715?
True
Does 48 divide 2352?
True
Is 19 a factor of 8784?
False
Does 169 divide 11830?
True
Does 26 divide 49683?
False
Does 58 divide 55796?
True
Is 1888 a multiple of 16?
True
Is 20 a factor of 2803?
False
Is 468 a multiple of 8?
False
Does 8 divide 1096?
True
Does 58 divide 754?
True
Is 16 a factor of 3114?
False
Is 6284 a multiple of 151?
False
Does 28 divide 3004?
False
Is 219 a multiple of 25?
False
Is 131 a factor of 4716?
True
Is 2008 a multiple of 8?
True
Is 12060 a multiple of 67?
True
Does 5 divide 20110?
True
Does 47 divide 9118?
True
Does 109 divide 17987?
False
Does 4 divide 9049?
False
Is 1612 a multiple of 40?
False
Does 86 divide 16684?
True
Is 18 a factor of 5682?
False
Does 26 divide 546?
True
Is 68 a factor of 931?
False
Does 126 divide 2063?
False
Does 8 divide 12819?
False
Does 48 divide 432?
True
Does 4 divide 624?
True
Is 2521 a multiple of 5?
False
Is 7740 a multiple of 36?
True
Does 12 divide 756?
True
Does 32 divide 384?
True
Is 6 a factor of 2569?
False
Is 16496 a multiple of 42?
False
Is 91 a factor of 4095?
True
Is 26 a factor of 43005?
False
Is 72 a factor of 336?
False
Does 158 divide 7728?
False
Does 89 divide 20900?
False
Is 31 a factor of 744?
True
Is 3173 a multiple of 115?
False
Is 3 a factor of 227?
False
Does 28 divide 448?
True
Is 27 a factor of 2474?
False
Is 33021 a multiple of 24?
False
Does 2 divide 106?
True
Is 540 a multiple of 27?
True
Is 4230 a multiple of 9?
True
Is 12 a factor of 30828?
True
Is 880 a multiple of 10?
True
Does 18 divide 60480?
True
Does 13 divide 24947?
True
Is 33 a factor of 10849?
False
Is 650 a multiple of 65?
True
Is 25 a factor of 5528?
False
Does 55 divide 7157?
False
Is 23 a factor of 1658?
False
Is 18 a factor of 16990?
False
Does 9 divide 1930?
False
Does 74 divide 1304?
False
Is 24 a factor of 15341?
False
Is 782 a multiple of 46?
True
Is 1959 a multiple of 14?
False
Does 11 divide 864?
False
Is 18 a factor of 12510?
True
Is 3564 a multiple of 18?
True
Is 476 a multiple of 14?
True
Is 5 a factor of 13450?
True
Is 756 a multiple of 61?
False
Does 41 divide 12157?
False
Is 4392 a multiple of 9?
True
Does 2 divide 13376?
True
Does 59 divide 295?
True
Is 17061 a multiple of 141?
True
Is 1930 a multiple of 28?
False
Does 323 divide 34884?
True
Is 5125 a multiple of 21?
False
Is 49552 a multiple of 304?
True
Is 31 a factor of 806?
True
Does 32 divide 1600?
True
Is 20 a factor of 8740?
True
Does 75 divide 1339?
False
Is 6 a factor of 74?
False
Is 374 even?
True
Does 31 divide 403?
True
Does 87 divide 1392?
True
Is 23 a factor of 2283?
False
Is 10 a factor of 3040?
True
Is 59 a factor of 590?
True
Does 164 divide 28208?
True
Is 20 a factor of 462?
False
Does 33 divide 198?
True
Does 39 divide 223?
False
Is 5264 a multiple of 8?
True
Is 11 a factor of 12406?
False
Does 208 divide 29952?
True
Is 8576 a multiple of 78?
False
Is 23 a factor of 156060?
False
Is 15 a factor of 2463?
False
Is 17 a factor of 51?
True
Does 61 divide 15128?
True
Is 14 a factor of 952?
True
Is 2383 a multiple of 25?
False
Is 260 a multiple of 43?
False
Is 4 a factor of 48?
True
Is 42 a factor of 2196?
False
Is 595 a multiple of 81?
False
Is 17 a factor of 3621?
True
Is 1012 a multiple of 18?
False
Does 14 divide 6914?
False
Does 119 divide 75262?
False
Does 62 divide 4774?
True
Does 5 divide 195?
True
Is 1640 a multiple of 20?
True
Is 1196 a multiple of 22?
False
Is 18 a factor of 1836?
True
Is 55 a factor of 385?
True
Is 164 a multiple of 2?
True
Is 17 a factor of 1028?
False
Does 11 divide 588?
False
Is 19 a factor of 586?
False
Is 479 a multiple of 13?
False
Is 20 a factor of 6873?
False
Does 58 divide 52316?
True
Is 68 a factor of 109037?
False
Does 23 divide 575?
True
Is 12 a factor of 4679?
False
Does 74 divide 2886?
True
Is 6116 a multiple of 139?
True
Does 10 divide 7700?
True
Does 16 divide 2896?
True
Does 37 divide 1406?
True
Is 14 a factor of 1543?
False
Is 8 a factor of 571?
False
Is 410 a multiple of 11?
False
Is 7 a factor of 301?
True
Is 10 a factor of 888?
False
Is 348 a multiple of 29?
True
Is 23878 a multiple of 28?
False
Is 31549 a multiple of 7?
True
Is 16 a factor of 3008?
True
Is 3888 a multiple of 27?
True
Does 34 divide 347?
False
Is 630 a multiple of 14?
True
Does 301 divide 32138?
False
Does 36 divide 82194?
False
Does 54 divide 1313?
False
Is 4372 a multiple of 39?
False
Is 49 a factor of 4165?
True
Is 24 a factor of 960?
True
Does 15 divide 1050?
True
Is 97 a factor of 12901?
True
Does 8 divide 1979?
False
Is 33 a factor of 1386?
True
Is 391 a multiple of 23?
True
Is 52 a factor of 1167?
False
Does 36 divide 9000?
True
Is 4310 a multiple of 85?
False
Is 15652 a multiple of 86?
True
Does 44 divide 15136?
True
Is 4504 a multiple of 4?
True
Is 120 a multiple of 23?
False
Is 624 a multiple of 39?
True
Is 33711 a multiple of 17?
True
Is 29 a factor of 9847?
False
Does 13 divide 3733?
False
Does 7 divide 17626?
True
Is 21 a factor of 2867?
False
Is 54 a factor of 12150?
True
Is 9 a factor of 314?
False
Is 39 a factor of 3822?
True
Is 37 a factor of 2220?
True
Is 5672 a multiple of 15?
False
Is 11 a factor of 1017?
False
Does 9 divide 1819?
False
Does 35 divide 9415?
True
Is 2648 a multiple of 8?
True
Is 17204 a multiple of 22?
True
Does 5 divide 2060?
True
Does 44 divide 2596?
True
Is 24 a factor of 12984?
True
Is 44 a multiple of 2?
True
Is 38 a factor of 2520?
False
Does 134 divide 22126?
False
Is 313 a multiple of 67?
False
Does 3 divide 16944?
True
Is 432 a multiple of 27?
True
Is 71 a multiple of 12?
False
Is 105 a multiple of 7?
True
Is 1969 a multiple of 35?
False
Does 3 divide 293?
False
Does 85 divide 3459?
False
Does 2 divide 2951?
False
Is 177 a factor of 3540?
True
Does 32 divide 5632?
True
Is 46 a factor of 176?
False
Is 13 a factor of 10140?
True
Is 25 a factor of 275?
True
Is 14060 a multiple of 175?
False
Is 1412 a multiple of 11?
False
Does 7 divide 2153?
False
Is 147 a factor of 14112?
True
Is 58 a factor of 6206?
True
Is 34163 a multiple of 183?
False
Is 12886 a multiple of 95?
False
Is 64 a multiple of 8?
True
Is 840 a multiple of 12?
True
Does 10 divide 11446?
False
Is 36425 a multiple of 47?
True
Does 41 divide 1599?
True
Is 180 a multiple of 8?
False
Does 4 divide 36?
True
Does 13 divide 5326?
False
Is 1988 a multiple of 94?
False
Does 6 divide 1588?
False
Is 11 a factor of 429?
True
Does 14 divide 12573?
False
Does 20 divide 938?
False
Is 17 a factor of 2686?
True
Is 62 a multiple of 43?
False
Is 1130 a multiple of 14?
False
Is 22 a factor of 4048?
True
Does 60 divide 84251?
False
Is 4260 a multiple of 60?
True
Is 1254 a multiple of 66?
True
Is 862 a multiple of 13?
False
Is 54 a factor of 3557?
False
Does 11 divide 6732?
True
Does 13 divide 1869?
False
Is 5204 a multiple of 12?
False
Does 9 divide 882?
True
Is 13486 a multiple of 67?
False
Is 13310 a multiple of 22?
True
Is 3553 a multiple of 19?
True
Is 35 a multiple of 2?
False
Is 33 a factor of 4178?
False
Is 82 a multiple of 4?
False
Does 15 divide 14895?
True
Is 3 a factor of 87?
True
Is 828 a multiple of 69?
True
Does 4 divide 4015?
False
Is 37 a factor of 37?
True
Is 4192 a multiple of 309?
False
Is 51 a multiple of 14?
False
Is 992 a multiple of 16?
True
Is 11 a factor of 13057?
True
Does 18 divide 881?
False
Does 26 divide 312?
True
Is 8 a factor of 79?
False
Is 878 a multiple of 3?
False
Does 22 divide 1056?
True
Does 110 divide 17060?
False
Is 292 a multiple of 33?
False
Is 11437 a multiple of 101?
False
Is 19 a multiple of 2?
False
Does 100 divide 24297?
False
Is 31 a factor of 31651?
True
Is 90 a factor of 15750?
True
Is 63304 a multiple of 386?
True
Does 59 divide 47486?
False
Does 10 divide 2635?
False
Is 3 a factor of 264?
True
Does 26 divide 2314?
True
Is 2088 a multiple of 12?
True
Is 28 a factor of 2915?
False
Is 5 a factor of 37110?
True
Is 13 a factor